g be l(6). Calculate the greatest common divisor of g and 341.
31
Let w = 482 - 495. Let l(d) = -10*d + 70. Let b be l(w). What is the greatest common divisor of 120 and b?
40
Suppose -11221 = -25*r + 4504. Let w = r - 570. Calculate the highest common factor of w and 236.
59
Let r = 2152 - 511. Let d = -811 + r. What is the highest common divisor of 83 and d?
83
Let l = 73 + -119. Suppose 0 = -4*o + 2*g - 14, -o - 16 = 4*o - 4*g. Let n be l/4*(4 + -2 + o). Calculate the greatest common divisor of n and 138.
23
Suppose -4 = -2*z + 2*d, -2*z - 5*d = -4*d - 22. Calculate the highest common factor of 131 and z.
1
Suppose 8 = 4*q - 3*m - m, 3*m + 10 = 4*q. Suppose 925 = 21*j + q*j. What is the greatest common divisor of 37 and j?
37
Suppose 5*n - 7 - 19 = 3*u, u = -5*n + 18. Let r be ((-9)/1 - u) + 31. What is the highest common factor of 40 and r?
8
Let d(f) be the third derivative of -f**5/30 + 29*f**4/24 + 23*f**3/3 + 6*f**2. Let w be d(14). What is the greatest common divisor of w and 132?
12
Let h = 8402 + -7610. Calculate the greatest common divisor of 288 and h.
72
Let a be ((-12716)/(-8))/(15/(-360)*-12). What is the highest common divisor of 578 and a?
289
Suppose -4*x = -2*x + 10, -2 = 2*t + 2*x. Suppose -2*i + 60 = t*f, 4*i = i + 3*f + 63. Suppose 2*d + 373 = 997. What is the highest common factor of i and d?
24
Let d be 87/27 - 3 - (-43)/9. Suppose -3*p = 5*w - d*p - 1692, 1372 = 4*w + 3*p. Suppose 4*y - 142 = -6. Calculate the greatest common divisor of y and w.
34
Suppose 2*k - 4 = 0, -5*u + 6*u - 3*k = 3. Let g be -8*((-3)/u)/((-2)/(-6)). Calculate the greatest common factor of g and 8.
8
Suppose 0 = -7*z - 48*z + 605. Suppose 0 = z*f - 23*f + 252. Suppose 4*k = -64 + 204. Calculate the greatest common divisor of f and k.
7
Let d be (1685/25 - 3) + (-3)/(-5). Suppose -50*y - 92 = -592. Calculate the highest common factor of y and d.
5
Suppose 22*g - 3241 = 79*g - 22963. Calculate the greatest common divisor of 13667 and g.
173
Let c be ((-1 + 0)/(-1))/1. Let w = -6 + 4. Let n(b) = -b**2 - 4*b - 3. Let z be n(w). What is the highest common factor of c and z?
1
Suppose 3*g = 5*f - 79, 0 = 3*g - 23 + 32. Let l(o) = 18*o - 198. Let u be l(f). What is the greatest common factor of 1566 and u?
54
Suppose -6*b + 55 - 223 = 0. Let d be (-3376)/b + 10/105*-6. What is the highest common divisor of d and 48?
24
Suppose 2201 = k + 4*v, -2*v - 9023 = -4*k - 273. Calculate the greatest common divisor of k and 11.
11
Suppose 6006 = 5*y - v, 2*y - 1443 - 939 = -3*v. What is the highest common factor of y and 1296?
48
Let o be 19/(437/(-2)) - (-127353)/23. Calculate the highest common factor of 113 and o.
113
Let c be ((-21003)/(-84) + (-4)/14)/((-15)/(-40)). What is the highest common factor of 72 and c?
18
Let x(b) be the third derivative of b**5/4 - b**4/24 + 25*b**2. Let d be x(1). Suppose 26 = 5*r - d. Calculate the highest common divisor of r and 8.
8
Let z(y) = -108*y + 0*y**2 + 120*y - y**2 - 27. Let f be z(9). Let i be f + (-110)/(-6) - (-4)/(-12). Calculate the highest common factor of 45 and i.
9
Let s(g) = -g - 5. Let f be 4*(5 - -5) + -1 + 1. Let n be ((-32)/f)/((-1)/(-10)). Let m be s(n). Calculate the greatest common factor of 2 and m.
1
Suppose -5*v + 313 = 3*u - 5*u, 0 = 2*u + 8. Suppose v = 18*l - 209. Suppose -3 = -a, 0 = 3*b - a + 3*a - 51. Calculate the greatest common divisor of l and b.
15
Let c = 5231 + -3712. Let w = -708 + c. Suppose -w = -4*g + 341. What is the highest common factor of 36 and g?
36
Suppose -5*m + 5*n + 12798 = 3718, -3*m + 5466 = 3*n. What is the greatest common factor of m and 34?
17
Suppose -5*w + 2*h + 25 = 0, 16*w - 2*h = 13*w + 11. Let p be -204*(w/(-21))/1. What is the highest common divisor of p and 119?
17
Let s be (-100)/10*2/(-5). Suppose s*c - 6 = -2, -5*c = 2*j - 429. What is the highest common factor of j and 53?
53
Let a be (-39)/65 + 6/10. Suppose -j + 0*z + 25 = -4*z, -3*z = 4*j - 5. Let i be (a + 3)/(j/1240*3). Calculate the highest common divisor of 31 and i.
31
Let k be 16 + -15 + (-1 - 55)/(-4). Let d = 19 - -101. Calculate the highest common divisor of k and d.
15
Let d = 231 + -151. Suppose 2*k - 4*k + 4*z + d = 0, 5*z = -k + 5. Let s be 1*3*60/9. Calculate the highest common divisor of k and s.
10
Suppose 163*r + 21283 + 3923 = 152183. What is the highest common divisor of r and 133?
19
Let a(x) = 16*x - 2. Let t be a(5). Suppose -1 = 11*k - 628. Let r = 109 - k. Calculate the greatest common factor of t and r.
26
Let r = 22012 - 21760. What is the greatest common factor of 4977 and r?
63
Suppose -5*b = -2*b - 12. Let m be (3 - (0 - (b + -2)))*-7. Let c = -20 - m. What is the greatest common factor of 5 and c?
5
Let n be (-1 + (-12)/(-3) + -3844)/(-1 + 0). Calculate the highest common factor of 23 and n.
23
Let u be 7/(-35) + 131/5. Let n = u + -16. Suppose -3*q + 37 = n. Calculate the greatest common factor of 99 and q.
9
Let m = -2324 + 2274. Suppose 284 = 3*p + p. Let l = m + p. Calculate the highest common factor of l and 35.
7
Suppose 10*n - 14*n = -16, -4*n - 16052 = -4*v. Calculate the highest common divisor of 39 and v.
39
Let t = -3985 + 6158. What is the highest common divisor of t and 53?
53
Let w = -269 + 302. Suppose -w*x = -1097 + 371. Calculate the greatest common factor of 20 and x.
2
Let c = 336 - 215. Suppose -3*n + 192 = -2*f, 3*n - n + f = c. What is the highest common divisor of 93 and n?
31
Suppose -4*h - 2*x - 348 = 50, -4 = 4*x. Let y be 1089/726*((-205)/(-3) - 1). Let a = h + y. Calculate the highest common divisor of a and 20.
2
Let b be 22/(-14) + 140/245. Let l(t) = -173*t**3 + t**2 - t. Let q be l(b). Calculate the greatest common factor of q and 70.
35
Let v be 1/((-21)/30)*-7. Suppose 0 = -7*n + 2*n + v. Suppose 0 = -n*r - r + 4*a - 5, -2*a = -4*r. Calculate the greatest common factor of 5 and r.
1
Let l = 18926 - 18889. What is the greatest common factor of 35742 and l?
37
Suppose -2*l + 4*t + 672 = 0, 2*t = -3*t - 25. Suppose -l*y = -333*y + 1470. What is the greatest common divisor of y and 252?
42
Let o(z) = -2*z**3 - 5*z**2 + 54*z + 123. Let r be o(-2). Suppose -2*j = -3*j + 77. Calculate the highest common factor of r and j.
11
Let d(k) = -5*k + 231. Let w be d(24). Calculate the greatest common factor of 3 and w.
3
Let b(k) = 4*k - 22. Let a be b(7). Let x be (-216)/(-2)*a/4. What is the greatest common divisor of 18 and x?
18
Suppose -4*o + 4*t = -588, -t + 282 = -2*o + 4*o. Calculate the highest common divisor of o and 3575.
143
Let r(x) = -x**3 + 8*x**2 + 2*x. Let g be r(7). Let d be -9*((-79)/(-158))/(-2 + 9/6). What is the greatest common divisor of d and g?
9
Suppose -430*a - 461 + 11246 - 895 = 0. Suppose -735 = -4*n - i, 2*n - 365 = -3*i - 0*i. What is the highest common divisor of a and n?
23
Let u be -8 + (20200/(-75))/((-2)/6). Suppose -32 = 4*t - 5*t. Calculate the highest common divisor of t and u.
32
Suppose -106210 = -317*n - 113*n. Suppose -6*t = -t - 5. Let v be (t - 33/(-6))*2. What is the highest common divisor of v and n?
13
Suppose -b - 175 = 3*n - 630, 7*n = -5*b + 1051. Let i = 23 - 15. Suppose -a = 3*a + i, 0 = 5*q + a - 508. What is the highest common factor of q and n?
51
Let y(a) = -9*a**3 - 2*a**2 + a + 2. Let p be y(-1). Let m be 4/(-22) - (19 + (-4155)/165). Calculate the highest common factor of m and p.
2
Suppose -4*x = -5*h + 4989, 0 = -5*h + x + 3614 + 1387. Calculate the highest common divisor of 728 and h.
91
Suppose -2*h = 18*g + 3*h - 129976, -3*h - 7234 = -g. Calculate the highest common factor of 184 and g.
46
Suppose -4*z = -z - 3*r - 639, r = 3*z - 645. Suppose 46*n = 50*n - z. Calculate the highest common factor of n and 243.
27
Let y be (0 + 25)*(36 - 33)*(-18)/(-15). Calculate the highest common divisor of 31230 and y.
90
Suppose 167*o = 126*o + 24354. Calculate the greatest common factor of o and 135.
27
Suppose 5 = -8*d - 11, 5*d = -4*i + 26. What is the greatest common divisor of i and 951?
3
Let c = -21 - -31. Let b = -37 - -137. Suppose b = -0*m + 5*m. What is the highest common divisor of c and m?
10
Let q = -122 - -124. Let r(h) = 172*h**2 - h + 1. Let j be r(1). Suppose g = -2*w - j + 639, -q*w + g = -469. What is the highest common divisor of 26 and w?
26
Let u(g) = 14*g + 5479. Let c be 